{"id":9714,"date":"2019-06-25T13:27:16","date_gmt":"2019-06-25T13:27:16","guid":{"rendered":"http:\/\/arbatax-park-group.ms.decms.eu\/?page_id=9714"},"modified":"2026-03-04T16:46:54","modified_gmt":"2026-03-04T16:46:54","slug":"sardischen-nacht","status":"publish","type":"page","link":"https:\/\/www.arbataxpark.com\/de\/ereignisse-und-freizeit\/sardischen-nacht\/","title":{"rendered":"Sardische Nacht"},"content":{"rendered":"<div class=\"flex flex-col text-sm pb-25\">\n<article class=\"text-token-text-primary w-full focus:outline-none [--shadow-height:45px] has-data-writing-block:pointer-events-none has-data-writing-block:-mt-(--shadow-height) has-data-writing-block:pt-(--shadow-height) [&amp;:has([data-writing-block])&gt;*]:pointer-events-auto scroll-mt-[calc(var(--header-height)+min(200px,max(70px,20svh)))]\" dir=\"auto\" data-turn-id=\"request-699d8d72-fe30-832f-915d-6658cbae059b-9\" data-testid=\"conversation-turn-36\" data-scroll-anchor=\"true\" data-turn=\"assistant\">\n<div class=\"text-base my-auto mx-auto pb-10 [--thread-content-margin:--spacing(4)] @w-sm\/main:[--thread-content-margin:--spacing(6)] @w-lg\/main:[--thread-content-margin:--spacing(16)] px-(--thread-content-margin)\">\n<div class=\"[--thread-content-max-width:40rem] @w-lg\/main:[--thread-content-max-width:48rem] mx-auto max-w-(--thread-content-max-width) flex-1 group\/turn-messages focus-visible:outline-hidden relative flex w-full min-w-0 flex-col agent-turn\">\n<div class=\"flex max-w-full flex-col grow\">\n<div class=\"min-h-8 text-message relative flex w-full flex-col items-end gap-2 text-start break-words whitespace-normal [.text-message+&amp;]:mt-1\" dir=\"auto\" data-message-author-role=\"assistant\" data-message-id=\"e99ceb7f-6733-470d-a252-637d099e0c37\" data-message-model-slug=\"gpt-5-3\">\n<div class=\"flex w-full flex-col gap-1 empty:hidden first:pt-[1px]\">\n<div class=\"markdown prose dark:prose-invert w-full wrap-break-word light markdown-new-styling\">\n<p data-start=\"0\" data-end=\"137\">Einmal pro Woche findet ein <strong data-start=\"28\" data-end=\"53\">\u201eSardisches Dorffest\u201c<\/strong> statt \u2013 ein Abend, an dem G\u00e4ste die Vielfalt sardischer Traditionen erleben k\u00f6nnen.<\/p>\n<p data-start=\"139\" data-end=\"460\">An verschiedenen Stationen werden <strong>regionale Spezialit\u00e4ten frisch zubereitet<\/strong> und verkostet: Fleisch vom Spie\u00df, die Herstellung von K\u00e4se und aromatischem Ricotta, gebratener Tagesfang, Ravioli und Pistoccu (ein traditionelles sardisches Brot), sardische S\u00fc\u00dfspeisen, Wassermelone, Tomaten aus unserem Garten und vieles mehr.<\/p>\n<p data-start=\"462\" data-end=\"680\" data-is-last-node=\"\" data-is-only-node=\"\">Rundherum pr\u00e4sentieren <strong>Handwerker ihr K\u00f6nnen<\/strong> \u2013 vom Messerschmied \u00fcber den Destillateur und Goldschmied bis hin zum Schreiner und Wollweber. <strong>Ein lebendiger Einblick in die Vielfalt und das handwerkliche Erbe Sardiniens.<\/strong><\/p>\n<\/div>\n<\/div>\n<\/div>\n<\/div>\n<div class=\"z-0 flex min-h-[46px] justify-start\"><\/div>\n<div class=\"mt-3 w-full empty:hidden\">\n<div class=\"text-center\"><\/div>\n<\/div>\n<\/div>\n<\/div>\n<\/article>\n<\/div>\n<div class=\"pointer-events-none h-px w-px absolute bottom-0\" aria-hidden=\"true\" data-edge=\"true\"><\/div>\n","protected":false},"excerpt":{"rendered":"<p>Einmal pro Woche findet ein \u201eSardisches Dorffest\u201c statt \u2013 ein Abend, an dem G\u00e4ste die Vielfalt sardischer Traditionen erleben k\u00f6nnen. An verschiedenen Stationen werden regionale Spezialit\u00e4ten frisch zubereitet und verkostet: Fleisch vom Spie\u00df, die Herstellung von K\u00e4se und aromatischem Ricotta, gebratener Tagesfang, Ravioli und Pistoccu (ein traditionelles sardisches Brot), sardische S\u00fc\u00dfspeisen, Wassermelone, Tomaten aus unserem [&hellip;]<\/p>\n","protected":false},"author":7,"featured_media":0,"parent":9774,"menu_order":0,"comment_status":"closed","ping_status":"closed","template":"","meta":{"footnotes":""},"class_list":["post-9714","page","type-page","status-publish","hentry"],"yoast_head":"<!-- This site is optimized with the Yoast SEO plugin v26.9 - https:\/\/yoast.com\/product\/yoast-seo-wordpress\/ -->\n<title>Sardische Nacht - Arbatax Park<\/title>\n<meta name=\"robots\" content=\"index, follow, max-snippet:-1, max-image-preview:large, max-video-preview:-1\" \/>\n<link rel=\"canonical\" href=\"https:\/\/www.arbataxpark.com\/de\/ereignisse-und-freizeit\/sardischen-nacht\/\" \/>\n<meta property=\"og:locale\" content=\"de_DE\" \/>\n<meta property=\"og:type\" content=\"article\" \/>\n<meta property=\"og:title\" content=\"Sardische Nacht - Arbatax Park\" \/>\n<meta property=\"og:description\" content=\"Einmal pro Woche findet ein \u201eSardisches Dorffest\u201c statt \u2013 ein Abend, an dem G\u00e4ste die Vielfalt sardischer Traditionen erleben k\u00f6nnen. An verschiedenen Stationen werden regionale Spezialit\u00e4ten frisch zubereitet und verkostet: Fleisch vom Spie\u00df, die Herstellung von K\u00e4se und aromatischem Ricotta, gebratener Tagesfang, Ravioli und Pistoccu (ein traditionelles sardisches Brot), sardische S\u00fc\u00dfspeisen, Wassermelone, Tomaten aus unserem [&hellip;]\" \/>\n<meta property=\"og:url\" content=\"https:\/\/www.arbataxpark.com\/de\/ereignisse-und-freizeit\/sardischen-nacht\/\" \/>\n<meta property=\"og:site_name\" content=\"Arbatax Park\" \/>\n<meta property=\"article:modified_time\" content=\"2026-03-04T16:46:54+00:00\" \/>\n<meta name=\"twitter:card\" content=\"summary_large_image\" \/>\n<meta name=\"twitter:label1\" content=\"Gesch\u00e4tzte Lesezeit\" \/>\n\t<meta name=\"twitter:data1\" content=\"1 Minute\" \/>\n<script type=\"application\/ld+json\" class=\"yoast-schema-graph\">{\"@context\":\"https:\/\/schema.org\",\"@graph\":[{\"@type\":\"WebPage\",\"@id\":\"https:\/\/www.arbataxpark.com\/de\/ereignisse-und-freizeit\/sardischen-nacht\/\",\"url\":\"https:\/\/www.arbataxpark.com\/de\/ereignisse-und-freizeit\/sardischen-nacht\/\",\"name\":\"Sardische Nacht - Arbatax Park\",\"isPartOf\":{\"@id\":\"https:\/\/www.arbataxpark.com\/de\/#website\"},\"datePublished\":\"2019-06-25T13:27:16+00:00\",\"dateModified\":\"2026-03-04T16:46:54+00:00\",\"breadcrumb\":{\"@id\":\"https:\/\/www.arbataxpark.com\/de\/ereignisse-und-freizeit\/sardischen-nacht\/#breadcrumb\"},\"inLanguage\":\"de-DE\",\"potentialAction\":[{\"@type\":\"ReadAction\",\"target\":[\"https:\/\/www.arbataxpark.com\/de\/ereignisse-und-freizeit\/sardischen-nacht\/\"]}]},{\"@type\":\"BreadcrumbList\",\"@id\":\"https:\/\/www.arbataxpark.com\/de\/ereignisse-und-freizeit\/sardischen-nacht\/#breadcrumb\",\"itemListElement\":[{\"@type\":\"ListItem\",\"position\":1,\"name\":\"Home\",\"item\":\"https:\/\/www.arbataxpark.com\/de\/\"},{\"@type\":\"ListItem\",\"position\":2,\"name\":\"Abenteuer und Erlebnisse\",\"item\":\"https:\/\/www.arbataxpark.com\/de\/ereignisse-und-freizeit\/\"},{\"@type\":\"ListItem\",\"position\":3,\"name\":\"Sardische Nacht\"}]},{\"@type\":\"WebSite\",\"@id\":\"https:\/\/www.arbataxpark.com\/de\/#website\",\"url\":\"https:\/\/www.arbataxpark.com\/de\/\",\"name\":\"Arbatax Park\",\"description\":\"Just another ms.decms.eu site\",\"potentialAction\":[{\"@type\":\"SearchAction\",\"target\":{\"@type\":\"EntryPoint\",\"urlTemplate\":\"https:\/\/www.arbataxpark.com\/de\/?s={search_term_string}\"},\"query-input\":{\"@type\":\"PropertyValueSpecification\",\"valueRequired\":true,\"valueName\":\"search_term_string\"}}],\"inLanguage\":\"de-DE\"}]}<\/script>\n<!-- \/ Yoast SEO plugin. -->","yoast_head_json":{"title":"Sardische Nacht - Arbatax Park","robots":{"index":"index","follow":"follow","max-snippet":"max-snippet:-1","max-image-preview":"max-image-preview:large","max-video-preview":"max-video-preview:-1"},"canonical":"https:\/\/www.arbataxpark.com\/de\/ereignisse-und-freizeit\/sardischen-nacht\/","og_locale":"de_DE","og_type":"article","og_title":"Sardische Nacht - Arbatax Park","og_description":"Einmal pro Woche findet ein \u201eSardisches Dorffest\u201c statt \u2013 ein Abend, an dem G\u00e4ste die Vielfalt sardischer Traditionen erleben k\u00f6nnen. An verschiedenen Stationen werden regionale Spezialit\u00e4ten frisch zubereitet und verkostet: Fleisch vom Spie\u00df, die Herstellung von K\u00e4se und aromatischem Ricotta, gebratener Tagesfang, Ravioli und Pistoccu (ein traditionelles sardisches Brot), sardische S\u00fc\u00dfspeisen, Wassermelone, Tomaten aus unserem [&hellip;]","og_url":"https:\/\/www.arbataxpark.com\/de\/ereignisse-und-freizeit\/sardischen-nacht\/","og_site_name":"Arbatax Park","article_modified_time":"2026-03-04T16:46:54+00:00","twitter_card":"summary_large_image","twitter_misc":{"Gesch\u00e4tzte Lesezeit":"1 Minute"},"schema":{"@context":"https:\/\/schema.org","@graph":[{"@type":"WebPage","@id":"https:\/\/www.arbataxpark.com\/de\/ereignisse-und-freizeit\/sardischen-nacht\/","url":"https:\/\/www.arbataxpark.com\/de\/ereignisse-und-freizeit\/sardischen-nacht\/","name":"Sardische Nacht - Arbatax Park","isPartOf":{"@id":"https:\/\/www.arbataxpark.com\/de\/#website"},"datePublished":"2019-06-25T13:27:16+00:00","dateModified":"2026-03-04T16:46:54+00:00","breadcrumb":{"@id":"https:\/\/www.arbataxpark.com\/de\/ereignisse-und-freizeit\/sardischen-nacht\/#breadcrumb"},"inLanguage":"de-DE","potentialAction":[{"@type":"ReadAction","target":["https:\/\/www.arbataxpark.com\/de\/ereignisse-und-freizeit\/sardischen-nacht\/"]}]},{"@type":"BreadcrumbList","@id":"https:\/\/www.arbataxpark.com\/de\/ereignisse-und-freizeit\/sardischen-nacht\/#breadcrumb","itemListElement":[{"@type":"ListItem","position":1,"name":"Home","item":"https:\/\/www.arbataxpark.com\/de\/"},{"@type":"ListItem","position":2,"name":"Abenteuer und Erlebnisse","item":"https:\/\/www.arbataxpark.com\/de\/ereignisse-und-freizeit\/"},{"@type":"ListItem","position":3,"name":"Sardische Nacht"}]},{"@type":"WebSite","@id":"https:\/\/www.arbataxpark.com\/de\/#website","url":"https:\/\/www.arbataxpark.com\/de\/","name":"Arbatax Park","description":"Just another ms.decms.eu site","potentialAction":[{"@type":"SearchAction","target":{"@type":"EntryPoint","urlTemplate":"https:\/\/www.arbataxpark.com\/de\/?s={search_term_string}"},"query-input":{"@type":"PropertyValueSpecification","valueRequired":true,"valueName":"search_term_string"}}],"inLanguage":"de-DE"}]}},"acf":[],"_links":{"self":[{"href":"https:\/\/www.arbataxpark.com\/de\/wp-json\/wp\/v2\/pages\/9714","targetHints":{"allow":["GET"]}}],"collection":[{"href":"https:\/\/www.arbataxpark.com\/de\/wp-json\/wp\/v2\/pages"}],"about":[{"href":"https:\/\/www.arbataxpark.com\/de\/wp-json\/wp\/v2\/types\/page"}],"author":[{"embeddable":true,"href":"https:\/\/www.arbataxpark.com\/de\/wp-json\/wp\/v2\/users\/7"}],"replies":[{"embeddable":true,"href":"https:\/\/www.arbataxpark.com\/de\/wp-json\/wp\/v2\/comments?post=9714"}],"version-history":[{"count":0,"href":"https:\/\/www.arbataxpark.com\/de\/wp-json\/wp\/v2\/pages\/9714\/revisions"}],"up":[{"embeddable":true,"href":"https:\/\/www.arbataxpark.com\/de\/wp-json\/wp\/v2\/pages\/9774"}],"wp:attachment":[{"href":"https:\/\/www.arbataxpark.com\/de\/wp-json\/wp\/v2\/media?parent=9714"}],"curies":[{"name":"wp","href":"https:\/\/api.w.org\/{rel}","templated":true}]}}

<div class="flex flex-col text-sm pb-25">
<article class="text-token-text-primary w-full focus:outline-none [--shadow-height:45px] has-data-writing-block:pointer-events-none has-data-writing-block:-mt-(--shadow-height) has-data-writing-block:pt-(--shadow-height) [&amp;:has([data-writing-block])&gt;*]:pointer-events-auto scroll-mt-[calc(var(--header-height)+min(200px,max(70px,20svh)))]" dir="auto" data-turn-id="request-699d8d72-fe30-832f-915d-6658cbae059b-9" data-testid="conversation-turn-36" data-scroll-anchor="true" data-turn="assistant">
<div class="text-base my-auto mx-auto pb-10 [--thread-content-margin:--spacing(4)] @w-sm/main:[--thread-content-margin:--spacing(6)] @w-lg/main:[--thread-content-margin:--spacing(16)] px-(--thread-content-margin)">
<div class="[--thread-content-max-width:40rem] @w-lg/main:[--thread-content-max-width:48rem] mx-auto max-w-(--thread-content-max-width) flex-1 group/turn-messages focus-visible:outline-hidden relative flex w-full min-w-0 flex-col agent-turn">
<div class="flex max-w-full flex-col grow">
<div class="min-h-8 text-message relative flex w-full flex-col items-end gap-2 text-start break-words whitespace-normal [.text-message+&amp;]:mt-1" dir="auto" data-message-author-role="assistant" data-message-id="e99ceb7f-6733-470d-a252-637d099e0c37" data-message-model-slug="gpt-5-3">
<div class="flex w-full flex-col gap-1 empty:hidden first:pt-[1px]">
<div class="markdown prose dark:prose-invert w-full wrap-break-word light markdown-new-styling">
<p data-start="0" data-end="137">Einmal pro Woche findet ein <strong data-start="28" data-end="53">„Sardisches Dorffest“</strong> statt – ein Abend, an dem Gäste die Vielfalt sardischer Traditionen erleben können.</p>
<p data-start="139" data-end="460">An verschiedenen Stationen werden <strong>regionale Spezialitäten frisch zubereitet</strong> und verkostet: Fleisch vom Spieß, die Herstellung von Käse und aromatischem Ricotta, gebratener Tagesfang, Ravioli und Pistoccu (ein traditionelles sardisches Brot), sardische Süßspeisen, Wassermelone, Tomaten aus unserem Garten und vieles mehr.</p>
<p data-start="462" data-end="680" data-is-last-node="" data-is-only-node="">Rundherum präsentieren <strong>Handwerker ihr Können</strong> – vom Messerschmied über den Destillateur und Goldschmied bis hin zum Schreiner und Wollweber. <strong>Ein lebendiger Einblick in die Vielfalt und das handwerkliche Erbe Sardiniens.</strong></p>
</div>
</div>
</div>
</div>
<div class="z-0 flex min-h-[46px] justify-start"></div>
<div class="mt-3 w-full empty:hidden">
<div class="text-center"></div>
</div>
</div>
</div>
</article>
</div>
<div class="pointer-events-none h-px w-px absolute bottom-0" aria-hidden="true" data-edge="true"></div>

<p>Einmal pro Woche findet ein „Sardisches Dorffest“ statt – ein Abend, an dem Gäste die Vielfalt sardischer Traditionen erleben können. An verschiedenen Stationen werden regionale Spezialitäten frisch zubereitet und verkostet: Fleisch vom Spieß, die Herstellung von Käse und aromatischem Ricotta, gebratener Tagesfang, Ravioli und Pistoccu (ein traditionelles sardisches Brot), sardische Süßspeisen, Wassermelone, Tomaten aus unserem [&hellip;]</p>

<!-- This site is optimized with the Yoast SEO plugin v26.9 - https://yoast.com/product/yoast-seo-wordpress/ -->
<title>Sardische Nacht - Arbatax Park</title>
<meta name="robots" content="index, follow, max-snippet:-1, max-image-preview:large, max-video-preview:-1" />
<link rel="canonical" href="https://www.arbataxpark.com/de/ereignisse-und-freizeit/sardischen-nacht/" />
<meta property="og:locale" content="de_DE" />
<meta property="og:type" content="article" />
<meta property="og:title" content="Sardische Nacht - Arbatax Park" />
<meta property="og:description" content="Einmal pro Woche findet ein „Sardisches Dorffest“ statt – ein Abend, an dem Gäste die Vielfalt sardischer Traditionen erleben können. An verschiedenen Stationen werden regionale Spezialitäten frisch zubereitet und verkostet: Fleisch vom Spieß, die Herstellung von Käse und aromatischem Ricotta, gebratener Tagesfang, Ravioli und Pistoccu (ein traditionelles sardisches Brot), sardische Süßspeisen, Wassermelone, Tomaten aus unserem [&hellip;]" />
<meta property="og:url" content="https://www.arbataxpark.com/de/ereignisse-und-freizeit/sardischen-nacht/" />
<meta property="og:site_name" content="Arbatax Park" />
<meta property="article:modified_time" content="2026-03-04T16:46:54+00:00" />
<meta name="twitter:card" content="summary_large_image" />
<meta name="twitter:label1" content="Geschätzte Lesezeit" />
	<meta name="twitter:data1" content="1 Minute" />
<script type="application/ld+json" class="yoast-schema-graph">{"@context":"https://schema.org","@graph":[{"@type":"WebPage","@id":"https://www.arbataxpark.com/de/ereignisse-und-freizeit/sardischen-nacht/","url":"https://www.arbataxpark.com/de/ereignisse-und-freizeit/sardischen-nacht/","name":"Sardische Nacht - Arbatax Park","isPartOf":{"@id":"https://www.arbataxpark.com/de/#website"},"datePublished":"2019-06-25T13:27:16+00:00","dateModified":"2026-03-04T16:46:54+00:00","breadcrumb":{"@id":"https://www.arbataxpark.com/de/ereignisse-und-freizeit/sardischen-nacht/#breadcrumb"},"inLanguage":"de-DE","potentialAction":[{"@type":"ReadAction","target":["https://www.arbataxpark.com/de/ereignisse-und-freizeit/sardischen-nacht/"]}]},{"@type":"BreadcrumbList","@id":"https://www.arbataxpark.com/de/ereignisse-und-freizeit/sardischen-nacht/#breadcrumb","itemListElement":[{"@type":"ListItem","position":1,"name":"Home","item":"https://www.arbataxpark.com/de/"},{"@type":"ListItem","position":2,"name":"Abenteuer und Erlebnisse","item":"https://www.arbataxpark.com/de/ereignisse-und-freizeit/"},{"@type":"ListItem","position":3,"name":"Sardische Nacht"}]},{"@type":"WebSite","@id":"https://www.arbataxpark.com/de/#website","url":"https://www.arbataxpark.com/de/","name":"Arbatax Park","description":"Just another ms.decms.eu site","potentialAction":[{"@type":"SearchAction","target":{"@type":"EntryPoint","urlTemplate":"https://www.arbataxpark.com/de/?s={search_term_string}"},"query-input":{"@type":"PropertyValueSpecification","valueRequired":true,"valueName":"search_term_string"}}],"inLanguage":"de-DE"}]}</script>
<!-- / Yoast SEO plugin. -->

Einmal pro Woche findet ein „Sardisches Dorffest“ statt – ein Abend, an dem Gäste die Vielfalt sardischer Traditionen erleben können. An verschiedenen Stationen werden regionale Spezialitäten frisch zubereitet und verkostet: Fleisch vom Spieß, die Herstellung von Käse und aromatischem Ricotta, gebratener Tagesfang, Ravioli und Pistoccu (ein traditionelles sardisches Brot), sardische Süßspeisen, Wassermelone, Tomaten aus unserem [&hellip;]
