{"id":5444,"date":"2019-03-20T10:43:56","date_gmt":"2019-03-20T10:43:56","guid":{"rendered":"http:\/\/arbatax-park-group.ms.decms.eu\/restauration\/gli-chef-dei-centenari\/"},"modified":"2023-07-22T08:30:08","modified_gmt":"2023-07-22T08:30:08","slug":"les-chefs-de-la-tradition","status":"publish","type":"page","link":"https:\/\/www.arbataxpark.com\/fr\/evenements-et-temps-libre\/les-chefs-de-la-tradition\/","title":{"rendered":"A Chent\u2019Annos\u2026 a tavola!"},"content":{"rendered":"<p><em><strong>Une ouverture gastronomique dans le pays des centenaires.<\/strong><\/em><\/p>\n<p>La\u00a0<strong>passion pour la bonne nourriture<\/strong>\u00a0se transmet \u00e0 travers le territoire, la culture et les traditions.\u00a0Les saveurs typiques d\u2019<strong>Ogliastra<\/strong>,\u00a0<strong>terre des Centenaires<\/strong>, inspirent une r\u00e9interpr\u00e9tation culinaire dans laquelle le mariage entre\u00a0<strong>tradition et innovation<\/strong>\u00a0guidera nos H\u00f4tes \u00e0 travers une exp\u00e9rience gustavive unique, m\u00ealant cr\u00e9ativit\u00e9, fantaisie et passion.<\/p>\n<p><a href=\"https:\/\/www.arbataxpark.com\/wp-content\/uploads\/sites\/17\/2019\/07\/banner2.jpg\"><img class=\"alignnone size-large wp-image-10270 lazy\" data-src=\"https:\/\/www.arbataxpark.com\/wp-content\/uploads\/sites\/17\/2019\/07\/banner2-1024x330.jpg\" alt=\"\" width=\"1024\" height=\"330\" srcset=\"https:\/\/www.arbataxpark.com\/wp-content\/uploads\/sites\/17\/2019\/07\/banner2-1024x330.jpg 1024w, https:\/\/www.arbataxpark.com\/wp-content\/uploads\/sites\/17\/2019\/07\/banner2-300x97.jpg 300w, https:\/\/www.arbataxpark.com\/wp-content\/uploads\/sites\/17\/2019\/07\/banner2-768x248.jpg 768w, https:\/\/www.arbataxpark.com\/wp-content\/uploads\/sites\/17\/2019\/07\/banner2-1000x323.jpg 1000w, https:\/\/www.arbataxpark.com\/wp-content\/uploads\/sites\/17\/2019\/07\/banner2-150x48.jpg 150w, https:\/\/www.arbataxpark.com\/wp-content\/uploads\/sites\/17\/2019\/07\/banner2-248x80.jpg 248w, https:\/\/www.arbataxpark.com\/wp-content\/uploads\/sites\/17\/2019\/07\/banner2.jpg 2000w\" sizes=\"(max-width: 1024px) 100vw, 1024px\" \/><\/a><\/p>\n<p>Le but de \u00ab\u00a0<strong>A Chent\u2019Annos \u2026 a tavola!<\/strong>\u00a0\u00bb est de d\u00e9couvrir les\u00a0<strong>recettes typiques de la cuisine locale<\/strong>\u00a0repens\u00e9es selon le style moderne des Chefs, qui partageront leurs connaissances avec nos Invit\u00e9s, en expliquant les d\u00e9tails et l\u2019histoire de tous plats.<\/p>\n<p>Un voyage pour d\u00e9couvrir une cuisine simple, enrichie par\u00a0<strong>les secrets de la long\u00e9vit\u00e9 sarde<\/strong>.<\/p>\n","protected":false},"excerpt":{"rendered":"<p>Une ouverture gastronomique dans le pays des centenaires. La\u00a0passion pour la bonne nourriture\u00a0se transmet \u00e0 travers le territoire, la culture et les traditions.\u00a0Les saveurs typiques d\u2019Ogliastra,\u00a0terre des Centenaires, inspirent une r\u00e9interpr\u00e9tation culinaire dans laquelle le mariage entre\u00a0tradition et innovation\u00a0guidera nos H\u00f4tes \u00e0 travers une exp\u00e9rience gustavive unique, m\u00ealant cr\u00e9ativit\u00e9, fantaisie et passion. Le but de [&hellip;]<\/p>\n","protected":false},"author":18,"featured_media":0,"parent":9773,"menu_order":2,"comment_status":"closed","ping_status":"closed","template":"","meta":{"footnotes":""},"class_list":["post-5444","page","type-page","status-publish","hentry"],"yoast_head":"<!-- This site is optimized with the Yoast SEO plugin v26.9 - https:\/\/yoast.com\/product\/yoast-seo-wordpress\/ -->\n<title>A Chent\u2019Annos\u2026 a tavola! - Arbatax Park<\/title>\n<meta name=\"robots\" content=\"index, follow, max-snippet:-1, max-image-preview:large, max-video-preview:-1\" \/>\n<link rel=\"canonical\" href=\"https:\/\/www.arbataxpark.com\/fr\/evenements-et-temps-libre\/les-chefs-de-la-tradition\/\" \/>\n<meta property=\"og:locale\" content=\"fr_FR\" \/>\n<meta property=\"og:type\" content=\"article\" \/>\n<meta property=\"og:title\" content=\"A Chent\u2019Annos\u2026 a tavola! - Arbatax Park\" \/>\n<meta property=\"og:description\" content=\"Une ouverture gastronomique dans le pays des centenaires. La\u00a0passion pour la bonne nourriture\u00a0se transmet \u00e0 travers le territoire, la culture et les traditions.\u00a0Les saveurs typiques d\u2019Ogliastra,\u00a0terre des Centenaires, inspirent une r\u00e9interpr\u00e9tation culinaire dans laquelle le mariage entre\u00a0tradition et innovation\u00a0guidera nos H\u00f4tes \u00e0 travers une exp\u00e9rience gustavive unique, m\u00ealant cr\u00e9ativit\u00e9, fantaisie et passion. Le but de [&hellip;]\" \/>\n<meta property=\"og:url\" content=\"https:\/\/www.arbataxpark.com\/fr\/evenements-et-temps-libre\/les-chefs-de-la-tradition\/\" \/>\n<meta property=\"og:site_name\" content=\"Arbatax Park\" \/>\n<meta property=\"article:modified_time\" content=\"2023-07-22T08:30:08+00:00\" \/>\n<meta property=\"og:image\" content=\"https:\/\/www.arbataxpark.com\/wp-content\/uploads\/sites\/17\/2019\/07\/banner2-1024x330.jpg\" \/>\n<meta name=\"twitter:card\" content=\"summary_large_image\" \/>\n<meta name=\"twitter:label1\" content=\"Dur\u00e9e de lecture estim\u00e9e\" \/>\n\t<meta name=\"twitter:data1\" content=\"1 minute\" \/>\n<script type=\"application\/ld+json\" class=\"yoast-schema-graph\">{\"@context\":\"https:\/\/schema.org\",\"@graph\":[{\"@type\":\"WebPage\",\"@id\":\"https:\/\/www.arbataxpark.com\/fr\/evenements-et-temps-libre\/les-chefs-de-la-tradition\/\",\"url\":\"https:\/\/www.arbataxpark.com\/fr\/evenements-et-temps-libre\/les-chefs-de-la-tradition\/\",\"name\":\"A Chent\u2019Annos\u2026 a tavola! - Arbatax Park\",\"isPartOf\":{\"@id\":\"https:\/\/www.arbataxpark.com\/fr\/#website\"},\"primaryImageOfPage\":{\"@id\":\"https:\/\/www.arbataxpark.com\/fr\/evenements-et-temps-libre\/les-chefs-de-la-tradition\/#primaryimage\"},\"image\":{\"@id\":\"https:\/\/www.arbataxpark.com\/fr\/evenements-et-temps-libre\/les-chefs-de-la-tradition\/#primaryimage\"},\"thumbnailUrl\":\"https:\/\/www.arbataxpark.com\/wp-content\/uploads\/sites\/17\/2019\/07\/banner2-1024x330.jpg\",\"datePublished\":\"2019-03-20T10:43:56+00:00\",\"dateModified\":\"2023-07-22T08:30:08+00:00\",\"breadcrumb\":{\"@id\":\"https:\/\/www.arbataxpark.com\/fr\/evenements-et-temps-libre\/les-chefs-de-la-tradition\/#breadcrumb\"},\"inLanguage\":\"fr-FR\",\"potentialAction\":[{\"@type\":\"ReadAction\",\"target\":[\"https:\/\/www.arbataxpark.com\/fr\/evenements-et-temps-libre\/les-chefs-de-la-tradition\/\"]}]},{\"@type\":\"ImageObject\",\"inLanguage\":\"fr-FR\",\"@id\":\"https:\/\/www.arbataxpark.com\/fr\/evenements-et-temps-libre\/les-chefs-de-la-tradition\/#primaryimage\",\"url\":\"https:\/\/www.arbataxpark.com\/wp-content\/uploads\/sites\/17\/2019\/07\/banner2-1024x330.jpg\",\"contentUrl\":\"https:\/\/www.arbataxpark.com\/wp-content\/uploads\/sites\/17\/2019\/07\/banner2-1024x330.jpg\"},{\"@type\":\"BreadcrumbList\",\"@id\":\"https:\/\/www.arbataxpark.com\/fr\/evenements-et-temps-libre\/les-chefs-de-la-tradition\/#breadcrumb\",\"itemListElement\":[{\"@type\":\"ListItem\",\"position\":1,\"name\":\"Home\",\"item\":\"https:\/\/www.arbataxpark.com\/fr\/\"},{\"@type\":\"ListItem\",\"position\":2,\"name\":\"\u00c9v\u00e9nements et temps libre.\",\"item\":\"https:\/\/www.arbataxpark.com\/fr\/evenements-et-temps-libre\/\"},{\"@type\":\"ListItem\",\"position\":3,\"name\":\"A Chent\u2019Annos\u2026 a tavola!\"}]},{\"@type\":\"WebSite\",\"@id\":\"https:\/\/www.arbataxpark.com\/fr\/#website\",\"url\":\"https:\/\/www.arbataxpark.com\/fr\/\",\"name\":\"Arbatax Park\",\"description\":\"Just another ms.decms.eu site\",\"potentialAction\":[{\"@type\":\"SearchAction\",\"target\":{\"@type\":\"EntryPoint\",\"urlTemplate\":\"https:\/\/www.arbataxpark.com\/fr\/?s={search_term_string}\"},\"query-input\":{\"@type\":\"PropertyValueSpecification\",\"valueRequired\":true,\"valueName\":\"search_term_string\"}}],\"inLanguage\":\"fr-FR\"}]}<\/script>\n<!-- \/ Yoast SEO plugin. -->","yoast_head_json":{"title":"A Chent\u2019Annos\u2026 a tavola! - Arbatax Park","robots":{"index":"index","follow":"follow","max-snippet":"max-snippet:-1","max-image-preview":"max-image-preview:large","max-video-preview":"max-video-preview:-1"},"canonical":"https:\/\/www.arbataxpark.com\/fr\/evenements-et-temps-libre\/les-chefs-de-la-tradition\/","og_locale":"fr_FR","og_type":"article","og_title":"A Chent\u2019Annos\u2026 a tavola! - Arbatax Park","og_description":"Une ouverture gastronomique dans le pays des centenaires. La\u00a0passion pour la bonne nourriture\u00a0se transmet \u00e0 travers le territoire, la culture et les traditions.\u00a0Les saveurs typiques d\u2019Ogliastra,\u00a0terre des Centenaires, inspirent une r\u00e9interpr\u00e9tation culinaire dans laquelle le mariage entre\u00a0tradition et innovation\u00a0guidera nos H\u00f4tes \u00e0 travers une exp\u00e9rience gustavive unique, m\u00ealant cr\u00e9ativit\u00e9, fantaisie et passion. Le but de [&hellip;]","og_url":"https:\/\/www.arbataxpark.com\/fr\/evenements-et-temps-libre\/les-chefs-de-la-tradition\/","og_site_name":"Arbatax Park","article_modified_time":"2023-07-22T08:30:08+00:00","og_image":[{"url":"https:\/\/www.arbataxpark.com\/wp-content\/uploads\/sites\/17\/2019\/07\/banner2-1024x330.jpg","type":"","width":"","height":""}],"twitter_card":"summary_large_image","twitter_misc":{"Dur\u00e9e de lecture estim\u00e9e":"1 minute"},"schema":{"@context":"https:\/\/schema.org","@graph":[{"@type":"WebPage","@id":"https:\/\/www.arbataxpark.com\/fr\/evenements-et-temps-libre\/les-chefs-de-la-tradition\/","url":"https:\/\/www.arbataxpark.com\/fr\/evenements-et-temps-libre\/les-chefs-de-la-tradition\/","name":"A Chent\u2019Annos\u2026 a tavola! - Arbatax Park","isPartOf":{"@id":"https:\/\/www.arbataxpark.com\/fr\/#website"},"primaryImageOfPage":{"@id":"https:\/\/www.arbataxpark.com\/fr\/evenements-et-temps-libre\/les-chefs-de-la-tradition\/#primaryimage"},"image":{"@id":"https:\/\/www.arbataxpark.com\/fr\/evenements-et-temps-libre\/les-chefs-de-la-tradition\/#primaryimage"},"thumbnailUrl":"https:\/\/www.arbataxpark.com\/wp-content\/uploads\/sites\/17\/2019\/07\/banner2-1024x330.jpg","datePublished":"2019-03-20T10:43:56+00:00","dateModified":"2023-07-22T08:30:08+00:00","breadcrumb":{"@id":"https:\/\/www.arbataxpark.com\/fr\/evenements-et-temps-libre\/les-chefs-de-la-tradition\/#breadcrumb"},"inLanguage":"fr-FR","potentialAction":[{"@type":"ReadAction","target":["https:\/\/www.arbataxpark.com\/fr\/evenements-et-temps-libre\/les-chefs-de-la-tradition\/"]}]},{"@type":"ImageObject","inLanguage":"fr-FR","@id":"https:\/\/www.arbataxpark.com\/fr\/evenements-et-temps-libre\/les-chefs-de-la-tradition\/#primaryimage","url":"https:\/\/www.arbataxpark.com\/wp-content\/uploads\/sites\/17\/2019\/07\/banner2-1024x330.jpg","contentUrl":"https:\/\/www.arbataxpark.com\/wp-content\/uploads\/sites\/17\/2019\/07\/banner2-1024x330.jpg"},{"@type":"BreadcrumbList","@id":"https:\/\/www.arbataxpark.com\/fr\/evenements-et-temps-libre\/les-chefs-de-la-tradition\/#breadcrumb","itemListElement":[{"@type":"ListItem","position":1,"name":"Home","item":"https:\/\/www.arbataxpark.com\/fr\/"},{"@type":"ListItem","position":2,"name":"\u00c9v\u00e9nements et temps libre.","item":"https:\/\/www.arbataxpark.com\/fr\/evenements-et-temps-libre\/"},{"@type":"ListItem","position":3,"name":"A Chent\u2019Annos\u2026 a tavola!"}]},{"@type":"WebSite","@id":"https:\/\/www.arbataxpark.com\/fr\/#website","url":"https:\/\/www.arbataxpark.com\/fr\/","name":"Arbatax Park","description":"Just another ms.decms.eu site","potentialAction":[{"@type":"SearchAction","target":{"@type":"EntryPoint","urlTemplate":"https:\/\/www.arbataxpark.com\/fr\/?s={search_term_string}"},"query-input":{"@type":"PropertyValueSpecification","valueRequired":true,"valueName":"search_term_string"}}],"inLanguage":"fr-FR"}]}},"acf":[],"_links":{"self":[{"href":"https:\/\/www.arbataxpark.com\/fr\/wp-json\/wp\/v2\/pages\/5444","targetHints":{"allow":["GET"]}}],"collection":[{"href":"https:\/\/www.arbataxpark.com\/fr\/wp-json\/wp\/v2\/pages"}],"about":[{"href":"https:\/\/www.arbataxpark.com\/fr\/wp-json\/wp\/v2\/types\/page"}],"author":[{"embeddable":true,"href":"https:\/\/www.arbataxpark.com\/fr\/wp-json\/wp\/v2\/users\/18"}],"replies":[{"embeddable":true,"href":"https:\/\/www.arbataxpark.com\/fr\/wp-json\/wp\/v2\/comments?post=5444"}],"version-history":[{"count":0,"href":"https:\/\/www.arbataxpark.com\/fr\/wp-json\/wp\/v2\/pages\/5444\/revisions"}],"up":[{"embeddable":true,"href":"https:\/\/www.arbataxpark.com\/fr\/wp-json\/wp\/v2\/pages\/9773"}],"wp:attachment":[{"href":"https:\/\/www.arbataxpark.com\/fr\/wp-json\/wp\/v2\/media?parent=5444"}],"curies":[{"name":"wp","href":"https:\/\/api.w.org\/{rel}","templated":true}]}}

<p><em><strong>Une ouverture gastronomique dans le pays des centenaires.</strong></em></p>
<p>La <strong>passion pour la bonne nourriture</strong> se transmet à travers le territoire, la culture et les traditions. Les saveurs typiques d’<strong>Ogliastra</strong>, <strong>terre des Centenaires</strong>, inspirent une réinterprétation culinaire dans laquelle le mariage entre <strong>tradition et innovation</strong> guidera nos Hôtes à travers une expérience gustavive unique, mêlant créativité, fantaisie et passion.</p>
<p><a href="https://www.arbataxpark.com/wp-content/uploads/sites/17/2019/07/banner2.jpg"><img class="alignnone size-large wp-image-10270 lazy" data-src="https://www.arbataxpark.com/wp-content/uploads/sites/17/2019/07/banner2-1024x330.jpg" alt="" width="1024" height="330" srcset="https://www.arbataxpark.com/wp-content/uploads/sites/17/2019/07/banner2-1024x330.jpg 1024w, https://www.arbataxpark.com/wp-content/uploads/sites/17/2019/07/banner2-300x97.jpg 300w, https://www.arbataxpark.com/wp-content/uploads/sites/17/2019/07/banner2-768x248.jpg 768w, https://www.arbataxpark.com/wp-content/uploads/sites/17/2019/07/banner2-1000x323.jpg 1000w, https://www.arbataxpark.com/wp-content/uploads/sites/17/2019/07/banner2-150x48.jpg 150w, https://www.arbataxpark.com/wp-content/uploads/sites/17/2019/07/banner2-248x80.jpg 248w, https://www.arbataxpark.com/wp-content/uploads/sites/17/2019/07/banner2.jpg 2000w" sizes="(max-width: 1024px) 100vw, 1024px" /></a></p>
<p>Le but de « <strong>A Chent’Annos … a tavola!</strong> » est de découvrir les <strong>recettes typiques de la cuisine locale</strong> repensées selon le style moderne des Chefs, qui partageront leurs connaissances avec nos Invités, en expliquant les détails et l’histoire de tous plats.</p>
<p>Un voyage pour découvrir une cuisine simple, enrichie par <strong>les secrets de la longévité sarde</strong>.</p>

<p>Une ouverture gastronomique dans le pays des centenaires. La passion pour la bonne nourriture se transmet à travers le territoire, la culture et les traditions. Les saveurs typiques d’Ogliastra, terre des Centenaires, inspirent une réinterprétation culinaire dans laquelle le mariage entre tradition et innovation guidera nos Hôtes à travers une expérience gustavive unique, mêlant créativité, fantaisie et passion. Le but de [&hellip;]</p>

<!-- This site is optimized with the Yoast SEO plugin v26.9 - https://yoast.com/product/yoast-seo-wordpress/ -->
<title>A Chent’Annos… a tavola! - Arbatax Park</title>
<meta name="robots" content="index, follow, max-snippet:-1, max-image-preview:large, max-video-preview:-1" />
<link rel="canonical" href="https://www.arbataxpark.com/fr/evenements-et-temps-libre/les-chefs-de-la-tradition/" />
<meta property="og:locale" content="fr_FR" />
<meta property="og:type" content="article" />
<meta property="og:title" content="A Chent’Annos… a tavola! - Arbatax Park" />
<meta property="og:description" content="Une ouverture gastronomique dans le pays des centenaires. La passion pour la bonne nourriture se transmet à travers le territoire, la culture et les traditions. Les saveurs typiques d’Ogliastra, terre des Centenaires, inspirent une réinterprétation culinaire dans laquelle le mariage entre tradition et innovation guidera nos Hôtes à travers une expérience gustavive unique, mêlant créativité, fantaisie et passion. Le but de [&hellip;]" />
<meta property="og:url" content="https://www.arbataxpark.com/fr/evenements-et-temps-libre/les-chefs-de-la-tradition/" />
<meta property="og:site_name" content="Arbatax Park" />
<meta property="article:modified_time" content="2023-07-22T08:30:08+00:00" />
<meta property="og:image" content="https://www.arbataxpark.com/wp-content/uploads/sites/17/2019/07/banner2-1024x330.jpg" />
<meta name="twitter:card" content="summary_large_image" />
<meta name="twitter:label1" content="Durée de lecture estimée" />
	<meta name="twitter:data1" content="1 minute" />
<script type="application/ld+json" class="yoast-schema-graph">{"@context":"https://schema.org","@graph":[{"@type":"WebPage","@id":"https://www.arbataxpark.com/fr/evenements-et-temps-libre/les-chefs-de-la-tradition/","url":"https://www.arbataxpark.com/fr/evenements-et-temps-libre/les-chefs-de-la-tradition/","name":"A Chent’Annos… a tavola! - Arbatax Park","isPartOf":{"@id":"https://www.arbataxpark.com/fr/#website"},"primaryImageOfPage":{"@id":"https://www.arbataxpark.com/fr/evenements-et-temps-libre/les-chefs-de-la-tradition/#primaryimage"},"image":{"@id":"https://www.arbataxpark.com/fr/evenements-et-temps-libre/les-chefs-de-la-tradition/#primaryimage"},"thumbnailUrl":"https://www.arbataxpark.com/wp-content/uploads/sites/17/2019/07/banner2-1024x330.jpg","datePublished":"2019-03-20T10:43:56+00:00","dateModified":"2023-07-22T08:30:08+00:00","breadcrumb":{"@id":"https://www.arbataxpark.com/fr/evenements-et-temps-libre/les-chefs-de-la-tradition/#breadcrumb"},"inLanguage":"fr-FR","potentialAction":[{"@type":"ReadAction","target":["https://www.arbataxpark.com/fr/evenements-et-temps-libre/les-chefs-de-la-tradition/"]}]},{"@type":"ImageObject","inLanguage":"fr-FR","@id":"https://www.arbataxpark.com/fr/evenements-et-temps-libre/les-chefs-de-la-tradition/#primaryimage","url":"https://www.arbataxpark.com/wp-content/uploads/sites/17/2019/07/banner2-1024x330.jpg","contentUrl":"https://www.arbataxpark.com/wp-content/uploads/sites/17/2019/07/banner2-1024x330.jpg"},{"@type":"BreadcrumbList","@id":"https://www.arbataxpark.com/fr/evenements-et-temps-libre/les-chefs-de-la-tradition/#breadcrumb","itemListElement":[{"@type":"ListItem","position":1,"name":"Home","item":"https://www.arbataxpark.com/fr/"},{"@type":"ListItem","position":2,"name":"Événements et temps libre.","item":"https://www.arbataxpark.com/fr/evenements-et-temps-libre/"},{"@type":"ListItem","position":3,"name":"A Chent’Annos… a tavola!"}]},{"@type":"WebSite","@id":"https://www.arbataxpark.com/fr/#website","url":"https://www.arbataxpark.com/fr/","name":"Arbatax Park","description":"Just another ms.decms.eu site","potentialAction":[{"@type":"SearchAction","target":{"@type":"EntryPoint","urlTemplate":"https://www.arbataxpark.com/fr/?s={search_term_string}"},"query-input":{"@type":"PropertyValueSpecification","valueRequired":true,"valueName":"search_term_string"}}],"inLanguage":"fr-FR"}]}</script>
<!-- / Yoast SEO plugin. -->

Une ouverture gastronomique dans le pays des centenaires. La passion pour la bonne nourriture se transmet à travers le territoire, la culture et les traditions. Les saveurs typiques d’Ogliastra, terre des Centenaires, inspirent une réinterprétation culinaire dans laquelle le mariage entre tradition et innovation guidera nos Hôtes à travers une expérience gustavive unique, mêlant créativité, fantaisie et passion. Le but de [&hellip;]

Événements et temps libre.
